 11. Let g be 4/14 - 229/(-7). Suppose -g + 9 = 3*x. What is the units digit of c(x)?
3
Suppose -2*i + c = -3*c - 32, 48 = 3*i - 5*c. What is the tens digit of i?
1
Let k be (8/10)/((-1)/(-20)). Suppose k = a + 3*a. Suppose 3*r - g - 9 = -0*g, -a*r = 5*g - 12. What is the units digit of r?
3
Let k(a) = -a**3 - 3*a**2 + 2*a - 5. Let i be k(-4). Suppose 2*f + 3*z + 8 = 2, -i*z + 12 = -f. Let c = f + 10. What is the units digit of c?
4
Suppose -1 + 13 = 4*m, -6 = 2*r + 2*m. Let d be r - (-1 + (0 - 0)). Let h = d + 10. What is the units digit of h?
5
Suppose 7 = 6*t - 5*t. What is the units digit of t?
7
Let q = 5 - 2. Suppose 0 = 2*l - l - q*u - 32, l - 37 = 4*u. Let b = l - 2. What is the tens digit of b?
1
Let n(q) = 45*q - 7. What is the tens digit of n(3)?
2
Let x(g) = g**2 - 8*g - 17. What is the tens digit of x(13)?
4
Let f(s) = s**2 + s - 2. Suppose -4*w + 0*w + 36 = 0. Let x(y) = y**3 - 8*y**2 - 8*y - 12. Let l be x(w). What is the units digit of f(l)?
4
What is the tens digit of (-1 + -179)*3*(-8)/18?
4
Let h(p) be the first derivative of -p**2 + 6*p - 2. Let w be h(4). Let q = w - -5. What is the units digit of q?
3
Suppose 0 = -5*x + x + 764. What is the units digit of x?
1
Let v(b) = -2*b + 18. Let d be v(12). Let w be 1/d - 4510/(-60). Suppose u + 55 = 5*q, 5*q + 2*u + u - w = 0. What is the units digit of q?
2
Suppose 0 = -3*l + 236 + 31. What is the tens digit of l?
8
Suppose 3 = 9*x - 6*x. What is the units digit of x?
1
Let r(i) = -5*i + 4. What is the tens digit of r(-8)?
4
Let h(u) = u + 11. Let n be (-3)/4 - (-9)/12. What is the tens digit of h(n)?
1
Let p(w) = -w**2 + 37. What is the tens digit of p(0)?
3
What is the tens digit of 1 + 0 + 2*27?
5
Suppose 5*a + a - 888 = 0. What is the tens digit of a?
4
Let u = -21 + 25. What is the units digit of u/(3 - (-11)/(-4))?
6
Let d = 33 - -160. What is the units digit of d?
3
Let r(c) = 3 - 4*c - c**2 - 2 + 3 - 2. Let j be r(-4). Suppose -j*f + 20 = 3*h, 2*f - 50 = -3*f - h. What is the units digit of f?
0
Suppose 0 = 3*s - 0*s + 2*r - 145, 0 = 3*s - 2*r - 149. What is the units digit of s?
9
What is the tens digit of (-4)/2 + 21 + -3?
1
Suppose -2*a + 16 = -0. Suppose -3*s + 4*g = 5 - 45, -a = -4*g. What is the tens digit of s?
1
Let s be (0 - (2 - 13)) + 2. Let k(g) be the first derivative of g**2/2 - 2*g + 3. What is the tens digit of k(s)?
1
Let k be (-144)/(-15) + (-2)/(-5). Let x = k + 2. What is the units digit of (-32)/x*(-18)/4?
2
Suppose -17*q + 16*q = -26. What is the tens digit of q?
2
Let b(i) = 2*i**2 - 2*i - 2. Let x be b(4). Let u = -15 + x. What is the units digit of u?
7
Let r(w) = w. Let z be r(2). What is the tens digit of -14*1/z*-2?
1
What is the units digit of 375 - 8/28*21/6?
4
Let g = 15 - 10. Suppose -2*a + 28 = g*p - 0, 4*a + p - 74 = 0. What is the units digit of a?
9
Suppose 3 = r - 0. Let k = r - -11. What is the units digit of k?
4
What is the tens digit of (1 - -56) + (3/(-3))/1?
5
Suppose -5 = 3*b + o, -5*o + 2*o - 1 = -5*b. What is the units digit of (-2 - 3/b) + 2?
3
What is the hundreds digit of 147/(((-12)/(-3))/4)?
1
Let a(c) = 2*c**3 + 11*c**2 + 5*c - 7. Let b be a(-7). Let d be (b/12)/(6/(-16)). Suppose 0 = 2*m + 8 - d. What is the tens digit of m?
1
Suppose -5*j - 41 = -3*c, -5*c - 2*j = 3*j - 55. What is the tens digit of (4 - c)/(2/(-4))?
1
Let p = 4 + -6. Let d = p - -2. Suppose k + d*k - 7 = r, 2*k = -3*r - 11. What is the units digit of k?
2
Let i = -16 - -172. Suppose 5*d = -4*z + i, 2*z - 5*d + 1 - 49 = 0. What is the tens digit of z?
3
Let c = 0 - -11. What is the tens digit of c?
1
Suppose -s - 19 = -2*s. Suppose 0 = -4*f + 51 - s. What is the units digit of f?
8
Let x(p) = -p**3 + p**2 - 2*p + 4. Let h be x(3). What is the tens digit of 189/11 + h/110?
1
What is the units digit of 2/(555/183 - 3)?
1
Suppose -5*r - 5*a = -3*r - 12, -5*a + 7 = -3*r. Let o = r - 13. What is the units digit of 4/((-32)/6)*o?
9
Let w be -1 + 1 - (-5 - -3). Let i be 5/w*8/10. Suppose -5*p + 13 = t + t, 4*t = i*p + 38. What is the units digit of t?
9
Let g(z) = 4*z**3. Let y be g(1). What is the units digit of 3*2 + (-12)/y?
3
What is the units digit of (1146/15)/(2/5)?
1
Let s(b) = b + 13. Let k = -17 - -8. What is the units digit of s(k)?
4
Suppose 20*t = 21*t - 45. What is the tens digit of t?
4
Let f(z) = 4 - 3 + 7*z - 2. Let b = -9 - -10. What is the units digit of f(b)?
6
Let y be ((-36)/(-15))/((-1)/(-5)). Let o = 2 + y. What is the tens digit of o?
1
Suppose 0 = -r - j + 2, -6*r + r + 5*j = -30. Let c(l) = r*l + 2 + 4 - 5*l. What is the units digit of c(-6)?
2
Suppose 0 = -4*y + 12, 3*l + 4*y - 5 - 13 = 0. Suppose j - 4*q = -5, -3*j + 4*q - l = -j. What is the units digit of j?
3
Suppose -2*l = -5*u - 224, -l + 4*u + 46 + 66 = 0. What is the tens digit of l?
1
Let f be -3 - -2 - 1/(-1). Suppose f*o + 47 = 2*d - 3*o, 0 = -2*d + o + 49. What is the tens digit of d?
2
Let n = -6 + 2. Let p be 3*1*(n + 5). Let k(t) = -t**2 + 5*t - 4. What is the units digit of k(p)?
2
Let k(q) = 3*q**3 - 3*q**2 + 4*q + 36. Let o(p) = 2*p**3 - 2*p**2 + 3*p + 37. Let a(n) = -3*k(n) + 4*o(n). What is the units digit of a(0)?
0
Let k(s) = -s**2 + 10*s - 12. Let z(o) = 8*o. Let q be z(1). Let c be k(q). Let b = -3 + c. What is the units digit of b?
1
Let a(z) = z**2 + 7*z + 21. What is the tens digit of a(-15)?
4
What is the tens digit of (-3)/((-450)/148 - -3)?
7
What is the hundreds digit of (1 + (-35)/20)*(-186 + -2)?
1
Suppose 0 = 5*b + m - 9, -5*b + 7*m - 4*m = 7. Suppose -3*t - 9 - b = -x, 30 = -5*x - 5*t. What is the units digit of 9/(-1)*x/3?
6
Suppose -5*x = -4*f - 259, 0*x - 53 = -x + 2*f. What is the units digit of x?
1
What is the tens digit of (-2)/(-3)*(-702)/(-12)?
3
Let t(i) = 0 + i - 2*i + 9. Let r be t(8). Suppose -r = n + 2*o + 3, n = o + 11. What is the units digit of n?
6
Let q(y) = y**2 + 2*y - 7. Let l be q(5). Let z(o) = -21*o + 1. Let j be z(1). Let r = j + l. What is the units digit of r?
8
What is the units digit of (-8 + 7)*(-28 - -1)?
7
Let z = -3 + 37. What is the tens digit of z?
3
Let n = -6 + 3. Let u be n*1/(-6)*0. What is the units digit of 6 - 1 - u - 2?
3
Let t(a) be the third derivative of a**4/24 + a**3/2 + 2*a**2. Let y be t(-7). What is the units digit of ((-6)/y)/(3/20)?
0
Let x(p) = p**3 - 12*p**2 + 2*p + 7. What is the tens digit of x(12)?
3
Suppose -2*x - 2*x = 0, m = 5*x. Suppose h - 1 - 3 = m. Suppose -h*t + 22 = -3*t. What is the units digit of t?
2
Suppose 113 = 5*o - 92. Let g = o - 16. What is the units digit of g?
5
Let d(l) be the third derivative of 3*l**2 + 0*l - 1/60*l**5 - 1/6*l**4 + 0 + 1/2*l**3. What is the units digit of d(-4)?
3
Let b(a) = -7*a**2 - 3. Let t(c) = 8*c**2 + c + 4. Let o(z) = 5*b(z) + 4*t(z). Let g be o(-7). What is the units digit of g/(-21) + (-2)/7?
8
Let n = 255 - 52. What is the hundreds digit of n?
2
What is the units digit of -289*(-2)/(-2 + -4 + 8)?
9
Let v = 6 + -4. Suppose 19 + 35 = v*n. What is the tens digit of n?
2
Let m(z) = -z**2 + 7*z + 11. What is the units digit of m(8)?
3
Let r = -5 + 27. What is the tens digit of r?
2
What is the tens digit of (-2270)/(-7) - 2/7 - -1?
2
Let h = 7 - 8. Let q be h/((-2)/(-4)) + 1. What is the units digit of (18/(-12))/(q/6)?
9
Let y(d) = 9*d + 2. Let p be y(-1). What is the tens digit of (12/(-14))/(p/294)?
3
Suppose -2*s - 369 = -5*s. What is the tens digit of s?
2
Let y = 72 + -51. What is the tens digit of y - 2 - 0/(-4)?
1
Suppose 13 = 5*k - 4*u, 4*u = 2*k - 6 - 4. Let v(x) = 6*x + 1. What is the units digit of v(k)?
7
Let f(y) = -y**3 - 4*y**2 - 4. Let l be f(-3). Let g be -2 + l/((-3)/(-3)). What is the units digit of (-4)/(-10) - 144/g?
0
Let q = -21 + 29. Suppose -3*t = -t - q. Let z = 5 - t. What is the units digit of z?
1
Let o = 11 - -25. What is the tens digit of o?
3
Let y = 95 + -140. Let g = 67 + y. What is the tens digit of g?
2
Let l(n) = -n + 69. What is the units digit of l(0)?
9
What is the tens digit of 7*3/(12/28)?
4
Let h(w) be the second derivative of -w**4/12 + 2*w**3 - 7*w**2/2 + 3*w. Let j be h(7). Let p = j - 17. What is the tens digit of p?
1
Suppose -4*i = -6*i - 3*c - 47, -5*i - 75 = -c. Let f be i/(-4)*11/2. Suppose -4*m = 3*z + 2*z - 31, 3*z - f = m. What is the units digit of z?
7
Suppose -3*w + 41 = w + 5*t, -